120?
30
Calculate the greatest common factor of 150 and 330.
30
Calculate the highest common factor of 19140 and 22.
22
What is the highest common factor of 1914 and 2958?
174
What is the highest common factor of 1424 and 16?
16
Calculate the highest common factor of 15 and 5.
5
Calculate the greatest common divisor of 121 and 176.
11
What is the highest common factor of 550 and 100?
50
What is the highest common factor of 39 and 24?
3
What is the greatest common factor of 50 and 900?
50
Calculate the highest common divisor of 99 and 27.
9
Calculate the highest common factor of 66 and 44.
22
Calculate the highest common factor of 1140 and 4332.
228
What is the highest common divisor of 160 and 11120?
80
Calculate the highest common factor of 390 and 18486.
78
Calculate the greatest common factor of 33 and 121.
11
What is the highest common divisor of 88 and 2167?
11
Calculate the highest common divisor of 5 and 390.
5
What is the highest common factor of 72 and 342?
18
Calculate the highest common factor of 98 and 245.
49
What is the greatest common factor of 6 and 678?
6
Calculate the greatest common divisor of 1150 and 46.
46
Calculate the greatest common divisor of 304 and 893.
19
What is the greatest common divisor of 1014 and 18?
6
Calculate the greatest common divisor of 10823 and 137.
137
Calculate the highest common factor of 12 and 1398.
6
Calculate the greatest common factor of 975 and 375.
75
Calculate the highest common factor of 5 and 8510.
5
What is the greatest common factor of 4635 and 30?
15
What is the greatest common divisor of 69 and 141?
3
Calculate the highest common factor of 891 and 33.
33
Calculate the greatest common factor of 105 and 5418.
21
What is the greatest common divisor of 8 and 2552?
8
What is the greatest common divisor of 1176 and 48?
24
Calculate the highest common factor of 323 and 38.
19
Calculate the greatest common divisor of 273 and 182.
91
Calculate the highest common factor of 4 and 2932.
4
Calculate the highest common divisor of 51 and 3.
3
What is the greatest common factor of 352 and 11?
11
What is the highest common factor of 351 and 4121?
13
Calculate the greatest common divisor of 2740 and 40.
20
Calculate the greatest common divisor of 160 and 10.
10
What is the greatest common factor of 483 and 1890?
21
What is the highest common divisor of 425 and 17?
17
What is the highest common divisor of 37 and 10915?
37
What is the highest common factor of 99 and 45144?
99
What is the highest common factor of 216 and 999?
27
What is the greatest common divisor of 266 and 112?
14
Calculate the greatest common factor of 18 and 270.
18
What is the highest common factor of 287 and 41?
41
Calculate the highest common factor of 38 and 551.
19
What is the highest common factor of 275 and 715?
55
Calculate the highest common factor of 120 and 1260.
60
What is the highest common factor of 1450 and 58?
58
What is the greatest common factor of 378 and 14238?
126
What is the highest common factor of 1798 and 29?
29
What is the greatest common divisor of 800 and 96?
32
Calculate the greatest common divisor of 70 and 245.
35
What is the highest common factor of 252 and 1692?
36
Calculate the highest common divisor of 250 and 40.
10
Calculate the highest common factor of 1521 and 65.
13
What is the highest common divisor of 42 and 567?
21
Calculate the highest common divisor of 77 and 1008.
7
Calculate the greatest common factor of 192 and 240.
48
What is the highest common factor of 520 and 455?
65
Calculate the greatest common divisor of 7832 and 88.
88
What is the highest common divisor of 16 and 3392?
16
What is the greatest common divisor of 64832 and 64?
64
Calculate the greatest common factor of 20 and 28180.
20
What is the greatest common factor of 42 and 300?
6
What is the greatest common factor of 4573 and 17?
17
What is the highest common factor of 272 and 527?
17
Calculate the greatest common factor of 151 and 5738.
151
Calculate the highest common divisor of 38 and 158.
2
What is the highest common factor of 95 and 5795?
95
What is the highest common factor of 15 and 53280?
15
What is the highest common divisor of 105 and 2385?
15
Calculate the highest common factor of 432 and 32.
16
Calculate the highest common divisor of 234 and 169.
13
What is the highest common divisor of 111 and 259?
37
Calculate the highest common divisor of 68 and 646.
34
What is the greatest common factor of 351 and 65?
13
Calculate the highest common factor of 13133 and 23.
23
What is the greatest common divisor of 6 and 5118?
6
What is the highest common factor of 1269 and 47?
47
What is the highest common factor of 754 and 78?
26
What is the greatest common divisor of 209 and 1805?
19
What is the greatest common divisor of 37 and 1184?
37
What is the highest common factor of 3773 and 11?
11
What is the highest common divisor of 12408 and 1320?
264
What is the greatest common factor of 12 and 39?
3
Calculate the greatest common factor of 3 and 10.
1
Calculate the greatest common factor of 712 and 2403.
89
What is the highest common divisor of 6 and 627?
3
Calculate the greatest common factor of 11446 and 194.
194
What is the highest common factor of 30 and 890?
10
What is the highest common divisor of 24 and 300?
12
Calculate the greatest common factor of 1056 and 231.
33
Calculate the highest common factor of 45 and 10.
5
What is the highest common factor of 1836 and 96?
12
What is the greatest common divisor of 21616 and 193?
193
Calculate the highest common divisor of 2344 and 2.
2
Calculate the greatest common divisor of 918 and 8109.
153
Calculate the highest common divisor of 1085 and 945.
35
Calculate the greatest common divisor of 391 and 299.
23
What is the highest common divisor of 20 and 2700?
20
Calculate the highest common divisor of 50 and 650.
50
What is the highest common factor of 6773 and 26?
13
What is the greatest common divisor of 544 and 17?
17
What is the highest common divisor of 800 and 4064?
32
Calculate the highest common factor of 343 and 4998.
49
Calculate the greatest common factor of 399 and 114.
57
What is the greatest common divisor of 7 and 1?
1
What is the greatest common divisor of 8 and 70?
2
What is the highest common factor of 40 and 40?
40
Calculate the highest common factor of 57 and 76.
19
Calculate the highest common factor of 299 and 23.
23
What is the highest common factor of 410 and 30?
10
What is the greatest common factor of 5139 and 27?
9
Calculate the highest common divisor of 72 and 225.
9
What is the highest common factor of 513 and 19?
19
What is the highest common factor of 37 and 592?
37
What is the greatest common factor of 798 and 57?
57
What is the highest common divisor of 136 and 340?
68
Calculate the highest common factor of 817 and 129.
43
Calculate the highest common factor of 1862 and 98.
98
What is the highest common factor of 15 and 195?
15
Calculate the highest common divisor of 8 and 88.
8
What is the highest common factor of 80 and 30?
10
Calculate the greatest common factor of 476 and 28.
28
What is the greatest common factor of 90 and 288?
18
Calculate the greatest common factor of 242 and 4818.
22
Calculate the greatest common divisor of 80 and 10480.
80
Calculate the highest common factor of 315 and 405.
45
Calculate the highest common factor of 73 and 13213.
73
Calculate the greatest common factor of 13 and 169.
13
Calculate the greatest common factor of 1053 and 216.
27
What is the greatest common divisor of 1 and 47?
1
Calculate the greatest common factor of 84 and 3843.
21
What is the highest common divisor of 85 and 20?
5
Calculate the greatest common divisor of 28 and 28.
28
What is the greatest common divisor of 374 and 34?
34
What is the greatest common divisor of 368 and 46?
46
Calculate the highest common factor of 49 and 2107.
49
What is the greatest common divisor of 1045 and 7980?
95
What is the highest common factor of 84 and 6?
6
What is the highest common divisor of 189 and 9?
9
What is the greatest common divisor of 64 and 432?
16
What is the greatest common factor of 158 and 19750?
158
What is the highest common factor of 15 and 5469?
3
Calculate the highest common divisor of 78 and 5187.
39
What is the highest common divisor of 5 a